mainder when (-1)/(2/(-46))*1 is divided by x(-16).
5
Suppose -s + 0*s = 24. Let c = -4 - s. What is the remainder when 78 is divided by c?
18
Let u be 27 + 0 - (-4)/(-2). Suppose t - u = -4*t. What is the remainder when 14 is divided by t?
4
Let r(d) = -2*d + 2. Let x be r(2). Let s(g) = -7*g - 3. Calculate the remainder when s(x) is divided by 4.
3
Let o(l) = l + 8. Suppose 7 = 3*t - 4*t. Let k be o(t). Suppose k = -4*i + 17. Calculate the remainder when 14 is divided by i.
2
Suppose 28 = 5*m - 3*j, 0 = -2*m + 2*j - 3*j + 9. Let x = m - 2. Suppose 2*i = -3*i + 20. What is the remainder when i is divided by x?
1
Let n be 3*((-5)/3 - -3). Calculate the remainder when 11 is divided by (-1)/2*(-2 - n).
2
What is the remainder when (-1 - 1) + 163 - 0 is divided by 41?
38
Let n(f) = 1 - 1 - 1 + 2 - 5*f + f**3 - 2*f**2. Calculate the remainder when 38 is divided by n(4).
12
Suppose -69 = -3*w + 2*t, -t + 9 = 2*t. What is the remainder when 8 is divided by 80/w + (-2)/10?
2
Let p = 144 + -46. What is the remainder when p is divided by 33?
32
What is the remainder when (-3 - -5) + -3 + 58 is divided by 15?
12
Calculate the remainder when -72*(6 - 2 - (-28)/(-6)) is divided by 13.
9
Let u = -2 - -2. Let j be -36 + (u - 2/2). Let o = -9 - j. What is the remainder when o is divided by 15?
13
Suppose -3*q + 36 = -63. What is the remainder when q is divided by 2/3*(108/8 - 0)?
6
Let t be (4 - (-9)/(-2))*0. Suppose t = -0*d + 6*d - 90. What is the remainder when d is divided by 4?
3
Let f = 13 + -7. Suppose s = -3*s + 28. What is the remainder when 72/s + 10/(-35) is divided by f?
4
Let s(a) = -a**3 + a**2 + 32. Let k(g) = -g**3 + 5*g**2 + 1. Let w be (6/15)/((-1)/(-10)). Calculate the remainder when s(0) is divided by k(w).
15
Let h(y) = -52*y - 3. Let d be h(-3). Suppose -5*z - 33 = -d. What is the remainder when 93 is divided by z?
21
Let w(f) = -3*f - 13. Calculate the remainder when 22 is divided by w(-7).
6
Let r(m) = 5*m - 7. Let z be r(5). Suppose 2*x = -x + z. What is the remainder when x is divided by 4?
2
Let l = 14 - 8. Let g = 14 + -11. Suppose -3*x + 36 = -3*s - 0*s, 2*x = -g*s + 14. What is the remainder when x is divided by l?
4
Suppose 5*j = 3*b + 252, 240 = -4*b + 2*j - 82. Suppose -d = -6*k + 3*k + 52, 5*k = -3*d - 142. Let i = d - b. What is the remainder when i is divided by 16?
14
Suppose -5*a - x = -129, 12 = -4*a + x + 108. What is the remainder when a is divided by 7?
4
Suppose 3*c + 15 = -27. Let h = -4 - c. What is the remainder when h is divided by 6?
4
Suppose 16*u - 22*u = -90. What is the remainder when 194 is divided by u?
14
Let k = 5 - -6. Let l(x) = 5*x**3 + 1. Calculate the remainder when k is divided by l(1).
5
Calculate the remainder when (2 - 5 - -188) + -2 is divided by 31.
28
Suppose -y = -6 - 0. Let p(b) = -b**2 - 7*b + 4. Calculate the remainder when p(-4) is divided by y.
4
Let y(f) = -f + 3. Let a = 50 - 36. Calculate the remainder when a is divided by y(-2).
4
What is the remainder when -1 + 0 + -2 - -3 - -51 is divided by 28?
23
Let n(h) = h**2 + 12. Let t = -28 + -42. Let m = -36 - t. Calculate the remainder when m is divided by n(0).
10
Suppose 0 = -4*w + 19 - 7. Let a be ((-8)/6)/((-3)/(-9)). Calculate the remainder when (-10)/a*(-1 - -3) is divided by w.
2
Let t(c) = -c + 40*c**2 + 5*c**2 - 2*c**2 + 7*c**2. Calculate the remainder when t(1) is divided by 26.
23
What is the remainder when 40/1 - (0 - -1) is divided by 20?
19
Let b(l) = -3*l + 3. Calculate the remainder when b(-7) is divided by 10.
4
Suppose 16 - 4 = 2*m. Suppose 3*v + m = 6*v. What is the remainder when v is divided by 1?
0
Let p = -107 + 178. What is the remainder when p is divided by 18?
17
Suppose 0 = 5*v - 276 + 61. Let p = -14 - 7. Let t = p + v. What is the remainder when t is divided by 8?
6
Let r = 7 - 3. Let t be 2 - -2*(-1 + 2). Suppose b = -z + 3 - 0, z - t = -2*b. Calculate the remainder when r is divided by z.
0
Suppose 4*q + 5 + 43 = 0. Let k = 20 + q. Suppose 2*o - 3*w = 28, 3*w + 0*w = 5*o - 70. Calculate the remainder when o is divided by k.
6
Let n be 3 + -1 + (-12)/6. Suppose n = r + 2*r. Suppose 2*j = 4*i + 6*j - 60, 3*i - j - 37 = r. What is the remainder when 37 is divided by i?
11
Let m(h) = -19*h**3 + h**2 + 3*h + 1. What is the remainder when m(-1) is divided by 6?
0
Suppose -15*i + 14*i = -5. What is the remainder when 127 is divided by i?
2
Let m(t) = t**3 - 3*t**2 - t + 7. Calculate the remainder when 114 is divided by m(3).
2
Suppose 3*m - 16 = -m. Suppose -6*o + 46 = -m*o. What is the remainder when 44 is divided by o?
21
Suppose -2*c + 0*c + 36 = 0. What is the remainder when c is divided by 11?
7
Suppose p = -5*w + 595, 6*p = w + 10*p - 138. What is the remainder when w is divided by 20?
18
Let b(z) = -z**3 - z**2 + 7*z + 4*z**2 + 6 + 6*z**2 - 4*z**2. Calculate the remainder when 35 is divided by b(6).
11
Let c(q) be the second derivative of q**5/20 - q**4/6 + q**3/6 + 3*q**2/2 + q. Suppose -3*g + 105 = -27. Calculate the remainder when g is divided by c(3).
14
Let j = -9 + 10. Let w be j*(-2)/(-4)*-2. Let h(f) = 11*f**2 + f + 1. Calculate the remainder when h(w) is divided by 3.
2
Let q(u) = 11*u**2 + 2*u + 2. What is the remainder when q(-3) is divided by 24?
23
Let b(d) = d + 20. What is the remainder when 59 is divided by b(-10)?
9
Let o(n) = -n**3 - 6*n**2 - n + 10. Suppose 7*w + 24 = 3*w + 2*b, 2*b = w + 6. What is the remainder when o(w) is divided by 6?
4
Let u(b) = -6*b + 39. Suppose 3*t + 15 = 6*t. Calculate the remainder when u(5) is divided by t.
4
Let v(t) be the first derivative of 2*t**3/3 + 3*t**2 + 6. What is the remainder when 38 is divided by v(-5)?
18
Suppose 3*v - 115 = -2*v. What is the remainder when 43 is divided by v?
20
What is the remainder when 7 is divided by ((-48)/(-18))/((-4)/(-6))?
3
Let z(o) = -64*o + 2. Let t be z(-3). Let x = t - 138. Suppose -c = 3*c - x. Calculate the remainder when 26 is divided by c.
12
Let q = 3 + -3. Suppose 0*b + 3*b = -4*c, -5*b - 5*c = q. Suppose 2*d + 17 - 47 = b. Calculate the remainder when 44 is divided by d.
14
Let s = -21 - -30. What is the remainder when s is divided by 3?
0
Suppose -4*c - 3*p + 136 = -92, 0 = c + 2*p - 52. Let o = -11 - -27. What is the remainder when c is divided by o?
12
Let c(k) = k**2 + 6*k + 4. Let i be c(-7). Let u = 15 - i. What is the remainder when 10 is divided by u?
2
Suppose -2*l + 5*p + 14 = -0*l, 0 = -4*l - 2*p + 4. What is the remainder when l is divided by 1?
0
Let d = 64 + -46. What is the remainder when d is divided by 7?
4
Let c(a) = -a**3 + 2*a**2 + 2*a - 3. Let v be c(3). Let r = v + 15. Calculate the remainder when 15 is divided by r.
6
Let m(b) = 4*b - 6. Let r be m(3). Calculate the remainder when 4/r + (-426)/(-9) is divided by 13.
9
Let b(t) = -t**3 + 9*t**2 + 11*t + 2. Calculate the remainder when b(10) is divided by 7.
5
What is the remainder when 109 is divided by (-296)/(-16)*-6*(-2)/6?
35
Suppose -1 + 2 = i. Calculate the remainder when 1 + 2/1 + i is divided by 3.
1
Let n(m) = 15*m + 8. What is the remainder when n(7) is divided by 31?
20
Let n(m) = 2*m**3 - m + 1. Let s be n(1). Let q be -3 + -1 + s + 2. Calculate the remainder when (-1 - q)*(-6)/1 is divided by 4.
2
Let v(s) = s**3 - s**2 - 3*s + 2. Calculate the remainder when v(3) is divided by 3.
2
Suppose 2*p - 8 = 26. What is the remainder when p is divided by 9?
8
Let p(i) = -i**2 - 6*i - 5. Let o be p(-4). Let h = o - 2. Calculate the remainder when (14/6)/(h/3) is divided by 4.
3
Suppose -4*l + 5*o = -l - 7, 1 = o. Suppose b = l*b - 6. Calculate the remainder when b is divided by 2.
0
Suppose 3*w + 25 - 184 = 0. What is the remainder when w is divided by 18?
17
Suppose 9 = -3*k, t - k - 4*k = 17. Let y be (-5)/t + 4/8. Calculate the remainder when 46 is divided by 1/(y*2/(-48)).
10
Let z = -23 + 25. Suppose -9 + 3 = -2*h. What is the remainder when h is divided by z?
1
Suppose -5*s + 3*s = -8. Suppose -s*z - 5*w + 24 = 0, 0*w = w. Calculate the remainder when (8/12)/((-2)/(-48)) is divided by z.
4
Suppose 4*o - s = 86, -3*s - 107 = -5*o - 2*s. Let m be 0*(4/2)/(-4). Suppose -2*f + 4 + 12 = m. Calculate the remainder when o is divided by f.
5
Suppose 0 = 2*l - 4*l + 140. What is the remainder when l is divided by 12?
10
Let z be